{"id":47,"date":"2019-10-23T18:53:45","date_gmt":"2019-10-23T18:53:45","guid":{"rendered":"http:\/\/waldkindergartendreisamtal.de\/?page_id=47"},"modified":"2026-03-02T11:38:14","modified_gmt":"2026-03-02T11:38:14","slug":"impressum","status":"publish","type":"page","link":"https:\/\/waldkindergartendreisamtal.de\/?page_id=47","title":{"rendered":"Impressum"},"content":{"rendered":"\n<p><strong>Waldkindergarten Dreisamtal e.V.<\/strong><br>Johannes-Thiel-Str. 2<br>79199 Kirchzarten<\/p>\n\n\n\n<p>Telefon: 07661 &#8211; 3848903<\/p>\n\n\n\n<p><a href=\"mailto:info@waldkindergarten-dreisamtal.com\">mail<\/a> : info@waldkindergarten-dreisamtal.com<\/p>\n\n\n\n<p><strong>Gesch\u00e4ftsf\u00fchrung<\/strong><\/p>\n\n\n\n<p>Frank Hirtler, Johannes-Thiel-Str. 2, 79199 Kirchzarten<\/p>\n\n\n\n<p><\/p>\n\n\n\n<p><strong>Vorstand<\/strong><\/p>\n\n\n\n<ul class=\"wp-block-list\">\n<li>Sulamith Werner (1. Vorsitzende) Talstr. 26, 79254 Oberried<\/li>\n\n\n\n<li>Sonja R\u00f6sch, (2. Vorsitzende) Weilersbachstr. 1, 79254 Oberried<\/li>\n\n\n\n<li>Maja Baranyi (Teamvertretung)  <\/li>\n\n\n\n<li>Anja Scheiner (Beisitzerin) <\/li>\n\n\n\n<li>Dario Grgic (Schatzmeister) <\/li>\n\n\n\n<li>Hansj\u00f6rg Schmauder (Schriftf\u00fchrer) <\/li>\n<\/ul>\n\n\n\n<p><\/p>\n\n\n\n<p>Kontakt: vorstand@waldkindergarten-dreisamtal.com<\/p>\n\n\n\n<p><strong>Vereinsregister<\/strong><br>\nVR 3126<br>\nAmtsgericht Freiburg i. Br.<\/p>\n\n\n\n<p><strong>Spendenkonto<\/strong><br>\nWaldkindergarten Dreisamtal e.V.<br>\nIBAN DE09 6805 1004 0004 5787 53<br>\nSparkasse Hochschwarzwald<br>\nBIC SOLADES1HSW<\/p>\n\n\n\n<p><strong>Webmaster<\/strong><br> jan sosein carl<br> <a rel=\"noreferrer noopener\" href=\"http:\/\/www.sosign.de\" target=\"_blank\">www.sosign.de<\/a><br> <a href=\"mailto:sign@sosign.de\">mail<\/a> : sign@sosign.de<\/p>\n\n\n\n<p><strong>Haftungshinweis, Urheberrecht und Datenschutz<\/strong><br><em>Wir \u00fcbernehmen keine Haftung f\u00fcr die Inhalte externer Links. F\u00fcr den  Inhalt der verlinkten Seiten sind ausschlie\u00dflich deren Betreiber  verantwortlich.<br>Die Vervielf\u00e4ltigung der Bilddaten und Texte zu kommerziellen Zwecken  ist nicht gestattet. Alle Urheberrechte liegen (wenn nicht anders  notiert) beim Waldkindergarten Dreisamtal e.V.<br>Die Nutzung der im Rahmen des Impressums oder vergleichbarer Angaben  ver\u00f6ffentlichten Kontaktdaten wie Postanschriften, Telefonnummern sowie  E-Mailadressen durch Dritte zur \u00dcbersendung von nicht ausdr\u00fccklich  angeforderten Informationen ist nicht gestattet.<br>Rechtliche Schritte gegen die Versender von sogenannten Spam-Mails bei  Verst\u00f6\u00dfen gegen dieses Verbot sind ausdr\u00fccklich vorbehalten. <\/em><\/p>\n","protected":false},"excerpt":{"rendered":"<p>Waldkindergarten Dreisamtal e.V.Johannes-Thiel-Str. 279199 Kirchzarten Telefon: 07661 &#8211; 3848903 mail : info@waldkindergarten-dreisamtal.com Gesch\u00e4ftsf\u00fchrung Frank Hirtler, Johannes-Thiel-Str. 2, 79199 Kirchzarten Vorstand Kontakt: vorstand@waldkindergarten-dreisamtal.com Vereinsregister VR 3126 Amtsgericht Freiburg i. Br. Spendenkonto Waldkindergarten Dreisamtal e.V. IBAN DE09 6805 1004 0004 5787 53 Sparkasse Hochschwarzwald BIC SOLADES1HSW Webmaster jan sosein carl www.sosign.de mail : sign@sosign.de Haftungshinweis, Urheberrecht und &#8230; <a title=\"Impressum\" class=\"read-more\" href=\"https:\/\/waldkindergartendreisamtal.de\/?page_id=47\" aria-label=\"Mehr Informationen \u00fcber Impressum\">Weiterlesen<\/a><\/p>\n","protected":false},"author":1,"featured_media":0,"parent":0,"menu_order":0,"comment_status":"closed","ping_status":"closed","template":"","meta":{"footnotes":""},"class_list":["post-47","page","type-page","status-publish"],"_links":{"self":[{"href":"https:\/\/waldkindergartendreisamtal.de\/index.php?rest_route=\/wp\/v2\/pages\/47","targetHints":{"allow":["GET"]}}],"collection":[{"href":"https:\/\/waldkindergartendreisamtal.de\/index.php?rest_route=\/wp\/v2\/pages"}],"about":[{"href":"https:\/\/waldkindergartendreisamtal.de\/index.php?rest_route=\/wp\/v2\/types\/page"}],"author":[{"embeddable":true,"href":"https:\/\/waldkindergartendreisamtal.de\/index.php?rest_route=\/wp\/v2\/users\/1"}],"replies":[{"embeddable":true,"href":"https:\/\/waldkindergartendreisamtal.de\/index.php?rest_route=%2Fwp%2Fv2%2Fcomments&post=47"}],"version-history":[{"count":14,"href":"https:\/\/waldkindergartendreisamtal.de\/index.php?rest_route=\/wp\/v2\/pages\/47\/revisions"}],"predecessor-version":[{"id":1281,"href":"https:\/\/waldkindergartendreisamtal.de\/index.php?rest_route=\/wp\/v2\/pages\/47\/revisions\/1281"}],"wp:attachment":[{"href":"https:\/\/waldkindergartendreisamtal.de\/index.php?rest_route=%2Fwp%2Fv2%2Fmedia&parent=47"}],"curies":[{"name":"wp","href":"https:\/\/api.w.org\/{rel}","templated":true}]}}